 + -208 + (-13 - 2) + -3?
-18
What is (29 - 29) + -2 + 16 + -2?
12
What is (4 - 11) + (3 - (1 + 7))?
-12
What is (-4 - 0 - 7) + -2 + 6?
-7
Evaluate 1 - (8 - 5) - (14 - 7).
-9
Calculate (5 - (-1 + 3 + 2)) + 16 + 2.
19
What is -1 - ((-3 - -4) + 1 + -6 + -3)?
6
What is the value of ((-11 - -12) + 13 - -23) + -1?
36
Calculate 18 - 19 - -13 - (0 + 2 + 0).
10
Calculate -2 + 1 + -82 + 80 - -16 - 2.
11
What is the value of 10 + -3 - (22 - (15 + -12))?
-12
What is -1 + (1 - 1) + 48 + -17 + -32?
-2
What is -10 + 12 - (10 + (5 - 10))?
-3
Calculate -9 + (11 - (2 + 1)).
-1
-4 - (-1 - (-13 - (-9 + 0)))
-7
What is the value of 16 - (38 - (12 + -2))?
-12
What is the value of 1 + (-2 - -10) + 4 + -1 + 1?
13
-6 - (18 + -19 + -16)
11
-8 + 6 + 2 + 9 + (-13 - 1)
-5
-5 - -4 - -5 - (0 - -1)
3
What is the value of -36 + (37 - 2) + 3 + 1 + 13?
16
Evaluate (1 - -46) + (-17 - -10) + -11.
29
Evaluate 2 - (8 + -1) - (1 - 17).
11
-10 + (-10 - -21) - 10
-9
-6 + (15 - (-9 - -18)) + -2
-2
What is (1 - (3 + -3)) + 30 + -25 + 21?
27
What is the value of -11 + (4 - -2 - (-3 + -6))?
4
What is -1 + 7 + -81 + 84?
9
What is -11 + (-2 - 1) + 18 + -6 + 21?
19
What is the value of -9 + -4 + 5 + (18 - 48) + 12?
-26
Evaluate -7 - (-4 + -2 + 7) - 1.
-9
What is the value of 4 + -12 + (79 - 83)?
-12
Calculate -32 + 6 + 4 - -8.
-14
22 + -28 + 11 + -7
-2
What is the value of -14 + (5 - 10 - 2) + 17 - 4?
-8
What is the value of -12 - ((-6 - (-5 - -36)) + 4 - -6)?
15
What is (19 + 1 - (-2 + -4 - -18)) + 2?
10
What is -18 + 0 + (74 - 48)?
8
Evaluate -38 + 34 - (-1 + 3).
-6
15 - -1 - (4 - (6 - 11))
7
What is 2 + 2 + -2 + -11 + 11 + -2?
0
What is -10 - ((-3 - (-3 + -4)) + -5) - -2?
-7
5 + (-50 - -56) + (1 - (0 - -1))
11
What is -259 + 254 - (-2 + 0 - (1 + -4))?
-6
Evaluate (-21 - (6 - (-9 - -19))) + 4.
-13
Evaluate (-13 - -6 - 17) + (92 - 82).
-14
Evaluate 1 - 1 - 2 - (-11 + 7).
2
Calculate 2 + (-1 - -7 - (-36 - -43)) + -8.
-7
What is the value of -7 + (13 - (6 + 4 + 11))?
-15
What is the value of 212 - 195 - (13 + 1)?
3
Calculate -1 + ((1 - 0) + -3 - (45 + -46)).
-2
What is the value of (-40 - -20) + 26 - -6?
12
What is -3 + 0 + (-5 + -6 - -10) + 1?
-3
Evaluate (-23 - -31) + 7 + -6.
9
What is the value of -11 + 10 + 4 + (3 - 5)?
1
Evaluate -18 - -4 - -28 - 13.
1
Calculate 8 - (9 - (18 + -14)).
3
Calculate (-4 - -1) + -2 + 2 + 3.
0
-16 - (-14 + 9) - (-5 + 4)
-10
Evaluate 33 + (-12 - -17) + -7 + -14 + 2.
19
(11 + 4 + -12 - 11) + 4
-4
Calculate (-13 - (-16 - (-4 - 14))) + 11.
-4
Evaluate -11 + (-14 + -8 - -16) - -3.
-14
Evaluate (2 + -3 - 4) + (74 - 47).
22
Calculate 17 + 5 - (2 - 6 - -10).
16
3 + -3 + 13 + -13 + -9
-9
Calculate 9 + 1 + 68 + -85 + (-3 - -33).
23
What is the value of (-4 - -10) + (-54 - -36)?
-12
Evaluate 10 + -15 - 0 - (6 - 2).
-9
What is the value of -4 + 1 + 20 - 34?
-17
Calculate 3 - 1 - (63 + -54).
-7
Calculate 0 + -15 + 19 + 0 + -5 + -2.
-3
What is (-9 - 8) + 6 + 0 + -24 + 0?
-35
(1 - -8) + (158 - 154) + -3
10
-4 + 1 + (-82 + 27 - -41)
-17
What is the value of 28 + -59 + 16 + 13 + (1 - 29)?
-30
Evaluate -2 - -12 - 18 - -6.
-2
Evaluate 2169 + -2175 + (0 + -1 - (0 + 1)).
-8
18 + -59 + 18 - -8
-15
What is the value of 1 - 8 - (0 + 15 + -5 + -12)?
-5
-9 + 34 + (27 - 42)
10
-3 + -15 + 12 - (0 + -22)
16
Evaluate (-7 - (6 + -6)) + (24 - 3).
14
What is (9 - -8) + -5 + -6 - 10 - -10?
6
Evaluate (-27 - -33) + 23 - 12.
17
-16 + 17 + (-7 - (-4 + -14))
12
What is the value of (-8 - (2 + -8)) + 9 + -13?
-6
What is 15 - -7 - (24 - -1)?
-3
-3 - 12 - (2 + -5) - (-3 + 0)
-9
What is 4 + -1 + (6 - 3)?
6
What is -34 + 42 - (-5 - -5 - -25)?
-17
Calculate 23 - (58 - 38) - (2 + -4 + -21).
26
Evaluate (0 - 28 - (2 - 2)) + 440 + -449.
-37
What is 1 + -21 + 10 + 5 + 18?
13
Evaluate (-14 - (4 - -2) - (-1 + -3)) + 5.
-11
What is 4 + (-1 - (8 - 9)) + (-17 - -2)?
-11
10 - (-14 - -4 - (2 + -6))
16
Calculate -26 + (-8 + 2 - -15) - 2.
-19
What is 26 - (-23 + 72) - (-12 + 0)?
-11
Evaluate -14 - (-25 + -5) - 8.
8
What is -11 - (-5 + (2 - 1) - (-16 + -5))?
-28
What is the value of 15 + -9 + -13 - (-10 + 0)?
3
What is the value of (3 - 8 - -9) + -5 - -3 - -7?
9
What is (3 - ((-4 - -2) + 6 + -6)) + -5?
0
What is -24 + 34 + 7 - 14?
3
Calculate 59 + -31 + 12 + -57.
-17
Calculate 17 + -13 + 6 + 0 + -3 + -4.
3
-4 + (2 - -30) + (5 - (5 + 9))
19
Evaluate -11 - (-10 + (-5 - -5)) - (-3 - 4).
6
-44 + (-29 - -47) - -28
2
Evaluate -24 - -40 - (-13 + (4 - (3 - 2))).
26
Evaluate 6 - 1 - (-9 + 42 + 1 + -7).
-22
What is the value of -13 + -16 - (-8 - ((17 - 7) + -18))?
-29
What is -6 + (9 - 20) + 39?
22
What is 3 + (-8 - (5 + (-13 - 5)))?
8
What is -6 - (-18 + -17 + 18) - 25?
-14
5 + -6 - (13 - (23 + -6))
3
Evaluate (-23 - -34) + -19 - -15.
7
Calculate 0 - -16 - 38 - -13.
-9
What is the value of (25 - -3 - 16) + -2?
10
Evaluate (138 - 173) + 20 + -2.
-17
What is the value of -4 - -11 - (3 + (-6 - -5) + -4)?
9
(0 - 5) + -3 + 4 + -17 + 14
-7
Calculate -1 + (11 - 4) + 7 + (-21 - -10).
2
Evaluate (54 - (49 - 24)) + -4.
25
What is -22 - -19 - (-1 + 6)?
-8
Evaluate (44 - 21) + -6 - 11.
6
What is the value of -11 + (-15 - 2) + 24 + -8?
-12
Calculate 3 - (26 + (-29 - -26)).
-20
What is 5 + (-14 - (-20 + 6))?
5
Evaluate -16 + -7 + 27 - (1 + -17).
20
6 + (-15 - -1) + 0 + 25
17
(13 - 5) + 9 + -10
7
What is 7 + -12 - -13 - 14?
-6
Calculate -1 + (-2 - (-1 + -8 + 10 + -8)).
4
11 - (-10 - -14) - (-10 - 0)
17
-5 + 4 + 17 + (2 - -1) + -2
17
What is the value of -6 + 24 - (12 + -3) - (8 - 3)?
4
Calculate -16 + 7 + (-15 - -3 - (-11 - -6)).
-16
What is -4 + 0 + -19 + 22 + 4?
3
What is 3 - 22 - -12 - -8?
1
Calculate -3 + 14 - (37 + -15) - -1 - 19.
-29
Calculate (-2 + (-6 - -10) - 18) + 9.
-7
What is -12 + (0 - (7 - 28))?
9
What is 1 + 62 + (331 - 371)?
23
Evaluate (4 - 1 - -2) + (-20 - -2).
-13
Calculate -3 + -8 + -8 + 37 - (3 - -2).
13
Calculate 12 + -26 + 13 + 12.
11
What is the value of 7 + (8 - (22 + -6 - 5))?
4
What is -9 - 0 - (-31 - (4 - (27 + -8)))?
7
Calculate (-35 + 23 - -20) + -1 + 2.
9
What is the value of 8 + 0 + -5 - (-4 + 2 - 2)?
7
Evaluate -3 + 29 + -12 - 11.
3
What is the value of (12 - 1) + -23 - -16?
4
What is the value of 14 + -21 + 10 - -7?
10
Evaluate -12 + -4 + -9 + 11.
-14
4 - ((15 - 36 - -18) + (-1 - -29))
-21
What is the value of 0 + (-2 - -1) + (1 - 8)?
-8
Evaluate -20 + 7 + 6 - -8.
1
(3 - ((-3 - 2) + 4)) + (7 - 4)
7
8 + -6 + -4 + -16 - -1
-17
Calculate (-1153 - -1089) + 1 + 23.
-40
(0 + -12 - -7) + 1 + 2
-2
What is the value of 2 + (-29 - (-11 + -5)) + (3 - -1)?
-7
Calculate -24 + 23 + 1 + (2 - 11).
-9
Evaluate 38 - (13 - -1) - 11.
13
Calculate -45 + 38 - (-9 - 4).
6
(-1 - -6) + -2 + -64 + 69 + 5
13
Evaluate 12 + -4 + -23 + 14.
-1
14 + (-9 + -2 - 3)
0
What is (3 + 3 - -6) + (32 - 41)?
3
Calculate -22 + 19 + (3 - (11 + 1)).
-12
What is -6 - (-9 + (-1 - -9)) - 2?
-7
Calculate 479 - 480 - (-2 - 0).
1
What is (36 - 57) + (-2 - -30)?
7
What is -15 + 6 - -13 - -4?
8
Evaluate -30 - -34 - (2 - 2) - 11.
-7
What is 1 + (31 - 47 - (2 + -8)) + 19?
10
What is the value of -1 + -4 - (11 + (-18 - -9) - -3)?
-10
What is (-1 - (25 - 11 - 24)) + -25?
-16
What is 6 + 15 + -5 + -3?
13
What is the value of 44 - (1 + 8 - (-16 + 16))?
35
-113 - -103 - ((-1 - 2) + -16 + 2)
7
Calculate 1 - (-1 + 4 + -7 + 0).
5
Calculate -1 + 24 + -15 + 4.
12
(19 - -11) + -8 + 8 - 11
19
Evaluate 13 - (7 + -24) - 45.
-15
15 - 5 - -7 - 5
12
-25 - (-7 - (5 + 4))
-9
What is the value of -2 - (-3 + 12 + -2 - 0)?
-9
What is 36 - -1 - (69 + -59 + 6)?
21
What is 4 + 0 + (-3 + (-4 - -15) - 0)?
12
(1 - (20 - -2)) + -95 + 102 - 1
-15
Calculate (-1 - (-4 - -17)) + 12.
-2
What is the value of (-5 - 0) + (32 - 67 - -23)?
-17
Calculate (8 - 1) + -15 + 20 + -13.
-1
Evaluate 1 + (0 - 0) + 26 + 24 + -40.
11
9 - (-2 - (5 - (6 - -3)))
7
6 - (-4 - (-7 - 4)) - -8
7
9 + (3 - (0 - (8 + -9)))
11
Calculate 0 - (0 - (-12 - -5 - 1)).
-8
What is the value of (-12 - (16 - 13)) + 43?
28
What is the value of ((3 - 6) + -3 - -2) + -2 + -6?
-12
What is the value of (-16 + -6 + 12 - -7) + -15?
-18
Calculate -23 + 13 + (-7 + 6 - -4).
-7
What is the value of -6 + (-16 - -50) + (-4 - -1)?
25
Calculate (29 + -44 - -32) + -16.
1
17 - (7 + 12) - (-15 + -1)
14
Calculate (11 - (-11 - 0)) + -9.
13
Evaluate 25 + 0 + -2 - -2.
25
What is -3 - ((0 - (2 - 1)) + -2)?
0
Calculate -12 - (-9 + (9 - (-1 + 0 - 0)))